 + 429/(-715)?
3, 5, 29, 37
Let y be -9 - (-56)/(-32)*4. What are the prime factors of -2 - 28/y - (-8151)/44?
5, 37
Suppose 3*j - 22 = -5*v + 178, 5*v - 2*j - 175 = 0. Let f = 16 - v. List the prime factors of 222/4 - f/(-14).
2, 3
Suppose 67*s - 70*s = -29874. List the prime factors of s.
2, 13, 383
Let y(s) = 361*s - 427. What are the prime factors of y(5)?
2, 13, 53
List the prime factors of (-1 + -2)/9 + 1 - (-100335)/9.
11149
Suppose -3 = -n - 24. Let t be (32/6)/(7/n). List the prime factors of t/24 - 586/(-6).
97
Let u(r) = r**3 - 13*r**2 - 14*r - 6. Let n be u(14). Let x(p) = 3*p**2 + 3*p + 5. Let c be x(n). Suppose -f + c = 2. What are the prime factors of f?
3, 31
Let c be 6/(-66)*-71674 + 4/22. Suppose -12*g + c = 6*g. List the prime factors of g.
2, 181
Let i be (-4 - (-154)/33)/((-4)/(-24306)). Let h = -2840 + i. What are the prime factors of h?
7, 173
Let t = 36931 + -30016. List the prime factors of t.
3, 5, 461
Let x be (-1 + 28 + -1)/(1 + 0). What are the prime factors of 137/(-2)*(24 - x)?
137
Suppose 5*f - 108850 = -3*l + 31535, -5*f = 2*l - 140390. What are the prime factors of f?
2, 3, 5, 13
Let n(p) = p - 4. Let c be n(4). Suppose 3*w - 21 = -6, c = 2*i + 4*w + 146. Let x = i - -173. What are the prime factors of x?
2, 3, 5
Let h(c) = -c**3 + 10*c**2 - 8*c - 12. Let m be h(9). List the prime factors of (-6)/27 + m/(108/(-5732)).
3, 53
Suppose -u + 4*g - 29 = 0, -4*u + 5*g - 85 = u. What are the prime factors of (-676)/(-6)*(u - -16)?
2, 13
Suppose -48 = 3*f - 3*u - 69, -f = 5*u + 23. Suppose -t - 1414 = 16*p - 18*p, 0 = -3*p - f*t + 2121. List the prime factors of p.
7, 101
Let d = 1303 + 5734. List the prime factors of d.
31, 227
Suppose -47897 = -11*y + 67017 - 8027. List the prime factors of y.
3, 41, 79
What are the prime factors of 1 + 21/(-23) - (-26865468)/4278?
2, 5, 157
Let s(p) = -4*p. Let d be s(-4). Suppose -3*m + d = 5*g - 2, -2*g = 0. Let v(k) = 7*k + 1. List the prime factors of v(m).
43
Let p(f) be the third derivative of 79*f**4/24 - 5*f**3/2 + 3*f**2. List the prime factors of p(2).
11, 13
Suppose 4*f + 5932 = -3*l + 484, -2*f - 2724 = -4*l. Let v = -414 - f. What are the prime factors of v?
2, 3, 79
Suppose -254 = 5*r - b, -9 = 4*r - b + 194. Suppose 33*q - 12699 = -50*q. Let t = r + q. List the prime factors of t.
2, 3, 17
Let f(g) = -225*g - 62. Let d be f(-30). Suppose -235*k - d = -243*k. What are the prime factors of k?
2, 11, 19
Let b be (4/12)/((-5)/(-45)). Suppose s - b*s - 16 = 0. List the prime factors of s/(-4)*(-106)/(-4).
53
Let s(f) = 945*f**2 + 35*f - 134. List the prime factors of s(6).
2, 2131
Let l(c) = 394*c + 33. Let z be l(8). Let m be z/15 + (-1)/3 + -2. Let f = -134 + m. What are the prime factors of f?
2, 19
Let a = 56485 + 8843. List the prime factors of a.
2, 3, 1361
Let b(w) = 13*w**2 + 23*w - 194. What are the prime factors of b(-12)?
2, 701
Suppose 5*t = z + 113461, -33*z + 29*z - 45388 = -2*t. What are the prime factors of t?
2, 3, 31, 61
Let n(f) = -f**2 + 15*f + 18. Let u be n(16). Suppose -y - m = -3, 0 = m - u*m + 5. Let o(r) = 20*r**2 + 2*r - 1. List the prime factors of o(y).
3, 5
Let k(m) = 18*m + 11. Let n be k(-4). Let w = n + 90. List the prime factors of w.
29
Let f = 235 + -233. Suppose f*o - o - 3*x = 478, 2342 = 5*o + x. List the prime factors of o.
7, 67
Suppose -218751 = -47*a - 24265. Let g = -2678 + a. List the prime factors of g.
2, 5, 73
Let j be 6/4*(-3)/(9/(-16)). Suppose 27 = 5*d - 0*m - 3*m, -2*m = j. Suppose 4*n + t = -2*t + 448, -n + d*t + 97 = 0. List the prime factors of n.
109
Let r(g) = 24*g - 82. Let k(m) = -26*m + 83. Let j(n) = 4*k(n) + 5*r(n). What are the prime factors of j(28)?
2, 5, 37
Let z = 1173 - -3333. List the prime factors of z.
2, 3, 751
What are the prime factors of (-529988)/(-26) - 1180/7670?
2, 7, 13
Let p(z) = 15 + 20 - 7*z - 4*z**2 + z**2 + 4*z**2. Let k be p(14). Let y = -21 + k. List the prime factors of y.
2, 7
What are the prime factors of 15192/28*(-469)/(-134)?
3, 211
Let y = 83 - 83. Suppose y = -323*d + 331*d - 2056. What are the prime factors of d?
257
Let b(a) = 300*a**3 + 10*a**2 - 21*a + 14. List the prime factors of b(3).
7, 1163
Suppose 79*w = 51*w + 252. Suppose 5*z + 2*s - 3689 = 0, -4*z + 2*z + 1472 = -s. Suppose w*y = z + 631. What are the prime factors of y?
2, 19
Suppose 39*w - 192 = 47*w. What are the prime factors of w/32 + 1547/4?
2, 193
Let j be (-1134)/(-2) + 8 + -11 + 1. Let h = j + 206. What are the prime factors of h?
3, 257
Let o(v) = v - 11. Let m be o(19). Let l be m/(3 - (-2)/(3 + -5)). Suppose -4*u = 2*d - 60, -3*u + 0*d + l*d + 23 = 0. What are the prime factors of u?
13
Let c(l) be the third derivative of -l**5/60 + l**4/8 + 10*l**3/3 - 26*l**2. Let j be c(-5). List the prime factors of (73/(-2))/(10/j).
73
What are the prime factors of ((-19686)/(-17))/((-1)/(24/(-9)))?
2, 193
Suppose 5*i = 4*x + 9443, 479*i - 475*i - 7552 = 2*x. What are the prime factors of i?
3, 17, 37
Suppose -3*p = -8*p + 20. Let n be ((-5)/1)/((-160)/96). Suppose 2*d - n*x - 343 - 7 = 0, p*d - 686 = -x. List the prime factors of d.
2, 43
Let q(f) = -27*f**3 + 426*f**2 - 14*f + 12. What are the prime factors of q(12)?
2, 3, 7, 173
Let y(q) = -q**2 - 33*q - 125. Suppose -25*t - 184 = -17*t. List the prime factors of y(t).
3, 5, 7
Let r be 324 + 0 - (-9 + 3 + 8). Let h = r + -167. Let b = -49 + h. What are the prime factors of b?
2, 53
Let n(o) = 20496*o**2 - 86*o + 86. What are the prime factors of n(1)?
2, 3, 7, 61
Suppose 4*v + 123 = 26931. What are the prime factors of v?
2, 3, 1117
Let u(f) = 201*f + 9. Let a(q) = -27*q + 1. Let k(w) = -55*w + 3. Let x(h) = 5*a(h) - 2*k(h). Let z(l) = -4*u(l) - 33*x(l). List the prime factors of z(5).
2, 3, 17
Suppose 3*n + 5302 = r, 0 = 3*n + r + 1689 + 3623. Let j = -904 - n. List the prime factors of j.
5, 173
Let r be 3 + 2 + 8/(-2). Let g be r + -2 - (276 - 5)*-1. List the prime factors of (-12)/g*-5 + (-736)/(-9).
2, 41
Let b = 19490 - 8356. List the prime factors of b.
2, 19, 293
Suppose 29*x - 1124 = -4*l + 33*x, -5*x = 2*l - 541. Suppose 0 = -5*h + 4*q + 14, 3*h - q = -3*q + 26. Suppose -8*d + l = h. List the prime factors of d.
2, 17
Suppose 4*x + 427 = -4*a + 3*x, -4*a - 421 = -x. Let s = a + 195. List the prime factors of s.
89
Let y = 1 - 4. Suppose 28*i = 3849 - 1385. List the prime factors of y + i/(-4)*1*-3.
3, 7
Suppose -13*p + 506126 = -404081 + 40455. What are the prime factors of p?
2, 8363
Suppose 5*a = -30*a + a + 360706. List the prime factors of a.
103
Suppose 0 = 16*x - 38*x - 198. List the prime factors of (6/x)/(2/13965*-5).
7, 19
Suppose -w = -4*w. Suppose w*g = 4*g - 108. Let z = -1 + g. What are the prime factors of z?
2, 13
Suppose -13*w + 10*w + 72 = 0. Let c be ((-2)/(-6))/(2/w). Suppose c*n + 410 = 5*y, -4*n - 68 - 14 = -y. What are the prime factors of y?
2, 41
Suppose s = 6 - 8. Let i be (3/s)/(18/24). What are the prime factors of (i + 3*11)*(4 + -3)?
31
Let y(d) = -2*d - 2. Let h(v) = -4*v**2 + v - 93. Let i(j) = -h(j) - 2*y(j). List the prime factors of i(-14).
839
Let d(p) = -3*p + 17. Let u be d(5). List the prime factors of (3 + 1)/(-8) - (-65)/u.
2
Let v(r) = -13*r**3 - 4*r**2 + 5*r + 6. Let z be v(3). Let l = z + 705. List the prime factors of l.
3, 113
Suppose q + 2 + 0 = 2*v, -2*q + 23 = 5*v. Suppose -4*a + 23 = 2*r - 3, 0 = -v*a - 3*r + 21. Suppose a*p + 1 = 109. What are the prime factors of p?
2, 3
Let h(d) = -12*d + 82. Let x be h(7). Let a = 360 - x. List the prime factors of a.
2, 181
Suppose 32876 = 2*k + y - 20512, 5*k - 5*y - 133425 = 0. List the prime factors of k.
3, 7, 31, 41
Let m(x) = -10*x + 175. Let r be m(-12). Suppose r*o + 1524 = 301*o. List the prime factors of o.
2, 127
Suppose 3*d + 12 = 7*d. Let h(t) = 0*t**d + 5*t - t**3 + 5*t**3 - 10 + 9*t**2 - 6*t**3. List the prime factors of h(4).
2, 13
What are the prime factors of (-5)/(457996/50890 - 9)?
5, 727
Let w be 14/24*3 + 4/16. Suppose -26 = -a - w*j, 4*a - 7 = 3*j + 75. Let x(o) = o**3 - 23*o**2 + 29*o + 25. List the prime factors of x(a).
179
Suppose -2*j + 4*x - 3*x - 51 = 0, -x = -5*j - 135. Let i = -29 - j. Let b = i - -19. List the prime factors of b.
2, 3
Suppose -9*a = 14*h - 19*h - 251949, -5*h - 139965 = -5*a. List the prime factors of a.
2, 3, 233